40?
435
What is the remainder when 146960484 is divided by 28327?
8
Calculate the remainder when 203091196 is divided by 3200.
3196
Calculate the remainder when 35594599 is divided by 25.
24
What is the remainder when 1011185 is divided by 14?
7
What is the remainder when 1225528 is divided by 17021?
16
Calculate the remainder when 707516 is divided by 15722.
26
Calculate the remainder when 2526316 is divided by 64777.
13
What is the remainder when 494776 is divided by 22437?
1162
Calculate the remainder when 721024 is divided by 8482.
54
What is the remainder when 298069 is divided by 3183?
2050
Calculate the remainder when 8251094 is divided by 1630.
34
What is the remainder when 7382212 is divided by 248?
244
What is the remainder when 8712819 is divided by 10932?
15
What is the remainder when 17844 is divided by 5814?
402
What is the remainder when 761145 is divided by 8457?
15
What is the remainder when 728108 is divided by 1164?
608
Calculate the remainder when 37098994 is divided by 26.
10
Calculate the remainder when 326553 is divided by 60.
33
What is the remainder when 24306000 is divided by 100438?
4
What is the remainder when 31255 is divided by 9349?
3208
Calculate the remainder when 2590702 is divided by 163.
143
What is the remainder when 117655115 is divided by 21?
11
Calculate the remainder when 17134 is divided by 1195.
404
What is the remainder when 27715392 is divided by 465?
462
What is the remainder when 241124 is divided by 3217?
3066
What is the remainder when 39147834 is divided by 179?
176
What is the remainder when 24652 is divided by 1471?
1116
What is the remainder when 18110389 is divided by 9742?
11
Calculate the remainder when 33477281 is divided by 2469.
110
Calculate the remainder when 3840667 is divided by 2093.
12
Calculate the remainder when 153785 is divided by 3344.
3305
What is the remainder when 1119262 is divided by 55963?
2
What is the remainder when 25143 is divided by 4068?
735
Calculate the remainder when 5350765 is divided by 198175.
40
Calculate the remainder when 28910 is divided by 651.
266
Calculate the remainder when 45476 is divided by 22513.
450
Calculate the remainder when 22128012 is divided by 3045.
3042
What is the remainder when 5376 is divided by 52?
20
Calculate the remainder when 39500013 is divided by 2553.
2550
Calculate the remainder when 138619212 is divided by 3121.
3118
Calculate the remainder when 436689 is divided by 72780.
9
What is the remainder when 7258017 is divided by 40322?
57
Calculate the remainder when 18226143 is divided by 808.
87
What is the remainder when 201930 is divided by 602?
260
Calculate the remainder when 83616597 is divided by 20.
17
What is the remainder when 4447268 is divided by 2223486?
296
What is the remainder when 8698839 is divided by 531?
528
What is the remainder when 133524470 is divided by 19074922?
16
Calculate the remainder when 5948344 is divided by 224.
24
What is the remainder when 5062157 is divided by 1687152?
701
Calculate the remainder when 206336 is divided by 391.
279
What is the remainder when 3040123 is divided by 2104?
1947
What is the remainder when 570358 is divided by 285025?
308
What is the remainder when 1479381 is divided by 493124?
9
What is the remainder when 159290692 is divided by 5138409?
13
What is the remainder when 10971 is divided by 505?
366
What is the remainder when 54206 is divided by 1164?
662
What is the remainder when 168559 is divided by 429?
391
Calculate the remainder when 609624 is divided by 609522.
102
Calculate the remainder when 1430952 is divided by 23849.
12
What is the remainder when 308984 is divided by 676?
52
Calculate the remainder when 11474336 is divided by 60.
56
What is the remainder when 33260 is divided by 2310?
920
What is the remainder when 8655640 is divided by 129?
127
Calculate the remainder when 198555382 is divided by 4323.
4315
Calculate the remainder when 899102151 is divided by 6284.
6283
What is the remainder when 2344983 is divided by 47?
12
Calculate the remainder when 5954010 is divided by 74.
44
Calculate the remainder when 34849 is divided by 15291.
4267
Calculate the remainder when 1989490 is divided by 1406.
0
What is the remainder when 2505703 is divided by 108?
103
What is the remainder when 180704 is divided by 3129?
2351
Calculate the remainder when 1167084 is divided by 7204.
36
Calculate the remainder when 166615 is divided by 59.
58
What is the remainder when 100261007 is divided by 77782?
9
Calculate the remainder when 4165923 is divided by 713.
577
What is the remainder when 5825884 is divided by 1718?
146
What is the remainder when 1144847 is divided by 88063?
28
Calculate the remainder when 39652 is divided by 14.
4
What is the remainder when 141337 is divided by 4441?
3666
What is the remainder when 474590 is divided by 40?
30
Calculate the remainder when 3600460 is divided by 253.
17
What is the remainder when 7961895 is divided by 3724?
3707
What is the remainder when 64462094 is divided by 239636?
10
Calculate the remainder when 216414 is divided by 17179.
10266
Calculate the remainder when 3493797 is divided by 698747.
62
What is the remainder when 602850 is divided by 215?
205
Calculate the remainder when 717843 is divided by 717820.
23
Calculate the remainder when 837454846 is divided by 109.
107
What is the remainder when 7904 is divided by 569?
507
What is the remainder when 22957985 is divided by 29024?
1
Calculate the remainder when 12131508 is divided by 72.
12
What is the remainder when 1333796 is divided by 25?
21
Calculate the remainder when 69876 is divided by 146.
88
What is the remainder when 2771742 is divided by 461953?
24
What is the remainder when 5082063 is divided by 16341?
12
What is the remainder when 504581 is divided by 1660?
1601
What is the remainder when 1114539 is divided by 26?
23
Calculate the remainder when 1728235 is divided by 23672.
179
What is the remainder when 367206 is divided by 91745?
226
Calculate the remainder when 20835419 is divided by 167.
165
What is the remainder when 1691298 is divided by 2891?
63
Calculate the remainder when 3083339 is divided by 440475.
14
Calculate the remainder when 87070 is divided by 4835.
40
What is the remainder when 7719075 is divided by 29?
0
Calculate the remainder when 333988 is divided by 1363.
53
Calculate the remainder when 6747743 is divided by 203.
23
Calculate the remainder when 241245 is divided by 887.
868
What is the remainder when 349034 is divided by 1061?
1026
Calculate the remainder when 4574594 is divided by 83173.
79
What is the remainder when 356375 is divided by 23744?
215
Calculate the remainder when 76370 is divided by 2237.
312
Calculate the remainder when 16540282 is divided by 6347.
0
Calculate the remainder when 441351 is divided by 2508.
2451
Calculate the remainder when 33509 is divided by 4360.
2989
What is the remainder when 6397400 is divided by 1226?
132
Calculate the remainder when 171592098 is divided by 2814.
6
What is the remainder when 28700369 is divided by 18?
17
Calculate the remainder when 280602 is divided by 221.
153
What is the remainder when 203645066 is divided by 49?
37
Calculate the remainder when 11869673 is divided by 791309.
38
What is the remainder when 3925813 is divided by 6?
1
Calculate the remainder when 22314803 is divided by 30.
23
Calculate the remainder when 538094533 is divided by 7990.
7983
What is the remainder when 3813810503 is divided by 46?
45
Calculate the remainder when 3670109 is divided by 1182.
1181
Calculate the remainder when 666702 is divided by 75.
27
Calculate the remainder when 167353 is divided by 1985.
613
What is the remainder when 70689 is divided by 357?
3
What is the remainder when 803910 is divided by 400654?
2602
Calculate the remainder when 7035486 is divided by 29.
28
What is the remainder when 3197377 is divided by 14338?
3
Calculate the remainder when 2513446 is divided by 3227.
2840
Calculate the remainder when 13383676 is divided by 137976.
4
What is the remainder when 3575877 is divided by 301?
298
What is the remainder when 1786403 is divided by 446600?
3
Calculate the remainder when 995660 is divided by 52.
16
What is the remainder when 1774078 is divided by 18?
16
Calculate the re